{"id":32215,"date":"2026-04-16T14:15:27","date_gmt":"2026-04-16T12:15:27","guid":{"rendered":"https:\/\/action.amnesty.ch\/?page_id=32215"},"modified":"2026-04-27T15:23:47","modified_gmt":"2026-04-27T13:23:47","slug":"petition-coupe-du-monde-2026","status":"publish","type":"page","link":"https:\/\/action.amnesty.ch\/fr\/petition-coupe-du-monde-2026\/","title":{"rendered":"Amnesty International | Petition | Fussball WM | 2026 | FR"},"content":{"rendered":"","protected":false},"excerpt":{"rendered":"","protected":false},"author":59,"featured_media":0,"parent":0,"menu_order":0,"comment_status":"closed","ping_status":"closed","template":"","meta":{"_acf_changed":false,"_seopress_robots_primary_cat":"","_seopress_titles_title":"Amnesty International | FIFA: La Coupe du monde de foot doit \u00eatre un moment s\u00fbr pour tout le monde!","_seopress_titles_desc":"Signe notre p\u00e9tition adress\u00e9e \u00e0 la FIFA et demande-lui de prot\u00e9ger toutes les personnes impliqu\u00e9es dans la Coupe du monde contre l'oppression, la discrimination et la violence.","_seopress_robots_index":"","footnotes":""},"wf_page_folders":[1523],"class_list":["post-32215","page","type-page","status-publish","hentry"],"acf":[],"_links":{"self":[{"href":"https:\/\/action.amnesty.ch\/fr\/wp-json\/wp\/v2\/pages\/32215","targetHints":{"allow":["GET"]}}],"collection":[{"href":"https:\/\/action.amnesty.ch\/fr\/wp-json\/wp\/v2\/pages"}],"about":[{"href":"https:\/\/action.amnesty.ch\/fr\/wp-json\/wp\/v2\/types\/page"}],"author":[{"embeddable":true,"href":"https:\/\/action.amnesty.ch\/fr\/wp-json\/wp\/v2\/users\/59"}],"replies":[{"embeddable":true,"href":"https:\/\/action.amnesty.ch\/fr\/wp-json\/wp\/v2\/comments?post=32215"}],"version-history":[{"count":3,"href":"https:\/\/action.amnesty.ch\/fr\/wp-json\/wp\/v2\/pages\/32215\/revisions"}],"predecessor-version":[{"id":32356,"href":"https:\/\/action.amnesty.ch\/fr\/wp-json\/wp\/v2\/pages\/32215\/revisions\/32356"}],"wp:attachment":[{"href":"https:\/\/action.amnesty.ch\/fr\/wp-json\/wp\/v2\/media?parent=32215"}],"wp:term":[{"taxonomy":"wf_page_folders","embeddable":true,"href":"https:\/\/action.amnesty.ch\/fr\/wp-json\/wp\/v2\/wf_page_folders?post=32215"}],"curies":[{"name":"wp","href":"https:\/\/api.w.org\/{rel}","templated":true}]}}

Amnesty International | FIFA: La Coupe du monde de foot doit être un moment sûr pour tout le monde!

Signe notre pétition adressée à la FIFA et demande-lui de protéger toutes les personnes impliquées dans la Coupe du monde contre l'oppression, la discrimination et la violence.
