{"id":31070,"date":"2026-01-21T14:28:50","date_gmt":"2026-01-21T13:28:50","guid":{"rendered":"https:\/\/action.amnesty.ch\/?page_id=31070"},"modified":"2026-03-10T13:07:16","modified_gmt":"2026-03-10T12:07:16","slug":"amnesty-international-petition-manifestations-iran-2026","status":"publish","type":"page","link":"https:\/\/action.amnesty.ch\/fr\/amnesty-international-petition-manifestations-iran-2026\/","title":{"rendered":"Amnesty International | Petition Proteste Iran 2026 | FR"},"content":{"rendered":"","protected":false},"excerpt":{"rendered":"","protected":false},"author":23,"featured_media":0,"parent":0,"menu_order":0,"comment_status":"closed","ping_status":"closed","template":"","meta":{"_acf_changed":false,"_seopress_robots_primary_cat":"","_seopress_titles_title":"Amnesty International | P\u00e9tition : Halte au bain de sang en Iran !","_seopress_titles_desc":"Le bain de sang en Iran doit cesser. Signez notre p\u00e9tition et demandez aux \u00c9tats membres de l'ONU, dont la Suisse, de faire pression sur les autorit\u00e9s iraniennes afin qu'elles mettent imm\u00e9diatement fin \u00e0 aux violences contre les manifestant\u00b7e\u00b7x\u00b7s.","_seopress_robots_index":"","footnotes":""},"wf_page_folders":[1519],"class_list":["post-31070","page","type-page","status-publish","hentry"],"acf":[],"_links":{"self":[{"href":"https:\/\/action.amnesty.ch\/fr\/wp-json\/wp\/v2\/pages\/31070","targetHints":{"allow":["GET"]}}],"collection":[{"href":"https:\/\/action.amnesty.ch\/fr\/wp-json\/wp\/v2\/pages"}],"about":[{"href":"https:\/\/action.amnesty.ch\/fr\/wp-json\/wp\/v2\/types\/page"}],"author":[{"embeddable":true,"href":"https:\/\/action.amnesty.ch\/fr\/wp-json\/wp\/v2\/users\/23"}],"replies":[{"embeddable":true,"href":"https:\/\/action.amnesty.ch\/fr\/wp-json\/wp\/v2\/comments?post=31070"}],"version-history":[{"count":3,"href":"https:\/\/action.amnesty.ch\/fr\/wp-json\/wp\/v2\/pages\/31070\/revisions"}],"predecessor-version":[{"id":31825,"href":"https:\/\/action.amnesty.ch\/fr\/wp-json\/wp\/v2\/pages\/31070\/revisions\/31825"}],"wp:attachment":[{"href":"https:\/\/action.amnesty.ch\/fr\/wp-json\/wp\/v2\/media?parent=31070"}],"wp:term":[{"taxonomy":"wf_page_folders","embeddable":true,"href":"https:\/\/action.amnesty.ch\/fr\/wp-json\/wp\/v2\/wf_page_folders?post=31070"}],"curies":[{"name":"wp","href":"https:\/\/api.w.org\/{rel}","templated":true}]}}

Amnesty International | Pétition : Halte au bain de sang en Iran !

Le bain de sang en Iran doit cesser. Signez notre pétition et demandez aux États membres de l'ONU, dont la Suisse, de faire pression sur les autorités iraniennes afin qu'elles mettent immédiatement fin à aux violences contre les manifestant·e·x·s.
