{"id":27055,"date":"2025-01-13T08:44:55","date_gmt":"2025-01-13T07:44:55","guid":{"rendered":"https:\/\/action.amnesty.ch\/?page_id=27055"},"modified":"2026-04-17T09:01:32","modified_gmt":"2026-04-17T07:01:32","slug":"amnesty-international-petition-genocide-gaza","status":"publish","type":"page","link":"https:\/\/action.amnesty.ch\/fr\/amnesty-international-petition-genocide-gaza\/","title":{"rendered":"Amnesty International | P\u00e9tition g\u00e9nocide Gaza"},"content":{"rendered":"","protected":false},"excerpt":{"rendered":"","protected":false},"author":23,"featured_media":0,"parent":0,"menu_order":0,"comment_status":"closed","ping_status":"closed","template":"","meta":{"_acf_changed":false,"_seopress_robots_primary_cat":"","_seopress_titles_title":"Amnesty International | G\u00e9nocide \u00e0 Gaza : Demandez justice !","_seopress_titles_desc":"Signez notre p\u00e9tition et exigez du Conseil f\u00e9d\u00e9ral et du Parlement qu\u2019ils s'engagent pour une reprise imm\u00e9diate du cessez-le-feu, l\u2019acheminement de l\u2019aide humanitaire et l\u2019acc\u00e8s \u00e0 la justice pour toutes les victimes.","_seopress_robots_index":"","footnotes":""},"wf_page_folders":[1507],"class_list":["post-27055","page","type-page","status-publish","hentry"],"acf":[],"_links":{"self":[{"href":"https:\/\/action.amnesty.ch\/fr\/wp-json\/wp\/v2\/pages\/27055","targetHints":{"allow":["GET"]}}],"collection":[{"href":"https:\/\/action.amnesty.ch\/fr\/wp-json\/wp\/v2\/pages"}],"about":[{"href":"https:\/\/action.amnesty.ch\/fr\/wp-json\/wp\/v2\/types\/page"}],"author":[{"embeddable":true,"href":"https:\/\/action.amnesty.ch\/fr\/wp-json\/wp\/v2\/users\/23"}],"replies":[{"embeddable":true,"href":"https:\/\/action.amnesty.ch\/fr\/wp-json\/wp\/v2\/comments?post=27055"}],"version-history":[{"count":1,"href":"https:\/\/action.amnesty.ch\/fr\/wp-json\/wp\/v2\/pages\/27055\/revisions"}],"predecessor-version":[{"id":32282,"href":"https:\/\/action.amnesty.ch\/fr\/wp-json\/wp\/v2\/pages\/27055\/revisions\/32282"}],"wp:attachment":[{"href":"https:\/\/action.amnesty.ch\/fr\/wp-json\/wp\/v2\/media?parent=27055"}],"wp:term":[{"taxonomy":"wf_page_folders","embeddable":true,"href":"https:\/\/action.amnesty.ch\/fr\/wp-json\/wp\/v2\/wf_page_folders?post=27055"}],"curies":[{"name":"wp","href":"https:\/\/api.w.org\/{rel}","templated":true}]}}

Amnesty International | Pétition génocide Gaza

Amnesty International | Génocide à Gaza : Demandez justice !

Signez notre pétition et exigez du Conseil fédéral et du Parlement qu’ils s'engagent pour une reprise immédiate du cessez-le-feu, l’acheminement de l’aide humanitaire et l’accès à la justice pour toutes les victimes.
