{"id":25818,"date":"2024-09-13T10:26:26","date_gmt":"2024-09-13T08:26:26","guid":{"rendered":"https:\/\/action.amnesty.ch\/?page_id=25818"},"modified":"2025-02-03T09:00:10","modified_gmt":"2025-02-03T08:00:10","slug":"amnesty-international-marathon-des-lettres-2024-kyung-seok-park","status":"publish","type":"page","link":"https:\/\/action.amnesty.ch\/fr\/amnesty-international-marathon-des-lettres-2024-kyung-seok-park\/","title":{"rendered":"Amnesty International | Marathon des lettres 2024 | Kyung-seok PARK"},"content":{"rendered":"","protected":false},"excerpt":{"rendered":"","protected":false},"author":23,"featured_media":0,"parent":0,"menu_order":0,"comment_status":"closed","ping_status":"closed","template":"","meta":{"_acf_changed":false,"_seopress_robots_primary_cat":"","_seopress_titles_title":"Amnesty International | Marathon des lettres 2024 | P\u00e9tition : Justice pour Kyung Seok Park","_seopress_titles_desc":"Demandez au maire de S\u00e9oul d'annuler toutes les proc\u00e9dures judiciaires contre Kyung Seok Park. Il n'a fait que manifester pour obtenir plus de droits pour les personnes en situation de handicap. Signe la p\u00e9tition maintenant !","_seopress_robots_index":"","footnotes":""},"wf_page_folders":[1504],"class_list":["post-25818","page","type-page","status-publish","hentry"],"acf":[],"_links":{"self":[{"href":"https:\/\/action.amnesty.ch\/fr\/wp-json\/wp\/v2\/pages\/25818","targetHints":{"allow":["GET"]}}],"collection":[{"href":"https:\/\/action.amnesty.ch\/fr\/wp-json\/wp\/v2\/pages"}],"about":[{"href":"https:\/\/action.amnesty.ch\/fr\/wp-json\/wp\/v2\/types\/page"}],"author":[{"embeddable":true,"href":"https:\/\/action.amnesty.ch\/fr\/wp-json\/wp\/v2\/users\/23"}],"replies":[{"embeddable":true,"href":"https:\/\/action.amnesty.ch\/fr\/wp-json\/wp\/v2\/comments?post=25818"}],"version-history":[{"count":0,"href":"https:\/\/action.amnesty.ch\/fr\/wp-json\/wp\/v2\/pages\/25818\/revisions"}],"wp:attachment":[{"href":"https:\/\/action.amnesty.ch\/fr\/wp-json\/wp\/v2\/media?parent=25818"}],"wp:term":[{"taxonomy":"wf_page_folders","embeddable":true,"href":"https:\/\/action.amnesty.ch\/fr\/wp-json\/wp\/v2\/wf_page_folders?post=25818"}],"curies":[{"name":"wp","href":"https:\/\/api.w.org\/{rel}","templated":true}]}}

Amnesty International | Marathon des lettres 2024 | Pétition : Justice pour Kyung Seok Park

Demandez au maire de Séoul d'annuler toutes les procédures judiciaires contre Kyung Seok Park. Il n'a fait que manifester pour obtenir plus de droits pour les personnes en situation de handicap. Signe la pétition maintenant !
