{"id":21431,"date":"2023-07-26T15:40:36","date_gmt":"2023-07-26T13:40:36","guid":{"rendered":"https:\/\/action.amnesty.ch\/?page_id=21431"},"modified":"2023-07-27T09:37:36","modified_gmt":"2023-07-27T07:37:36","slug":"muster-petition-confirmation","status":"publish","type":"page","link":"https:\/\/action.amnesty.ch\/fr\/muster-petition-confirmation\/","title":{"rendered":"Amnesty International | Petition Muster | Confirmation"},"content":{"rendered":"","protected":false},"excerpt":{"rendered":"","protected":false},"author":23,"featured_media":0,"parent":0,"menu_order":0,"comment_status":"closed","ping_status":"closed","template":"","meta":{"_acf_changed":false,"_seopress_robots_primary_cat":"","_seopress_titles_title":"Amnesty International | P\u00e9tition","_seopress_titles_desc":"Engagez-vous, vous aussi d\u00e8s maintenant pour plus de justice et de libert\u00e9!","_seopress_robots_index":"","footnotes":""},"wf_page_folders":[1490],"class_list":["post-21431","page","type-page","status-publish","hentry"],"acf":[],"_links":{"self":[{"href":"https:\/\/action.amnesty.ch\/fr\/wp-json\/wp\/v2\/pages\/21431","targetHints":{"allow":["GET"]}}],"collection":[{"href":"https:\/\/action.amnesty.ch\/fr\/wp-json\/wp\/v2\/pages"}],"about":[{"href":"https:\/\/action.amnesty.ch\/fr\/wp-json\/wp\/v2\/types\/page"}],"author":[{"embeddable":true,"href":"https:\/\/action.amnesty.ch\/fr\/wp-json\/wp\/v2\/users\/23"}],"replies":[{"embeddable":true,"href":"https:\/\/action.amnesty.ch\/fr\/wp-json\/wp\/v2\/comments?post=21431"}],"version-history":[{"count":0,"href":"https:\/\/action.amnesty.ch\/fr\/wp-json\/wp\/v2\/pages\/21431\/revisions"}],"wp:attachment":[{"href":"https:\/\/action.amnesty.ch\/fr\/wp-json\/wp\/v2\/media?parent=21431"}],"wp:term":[{"taxonomy":"wf_page_folders","embeddable":true,"href":"https:\/\/action.amnesty.ch\/fr\/wp-json\/wp\/v2\/wf_page_folders?post=21431"}],"curies":[{"name":"wp","href":"https:\/\/api.w.org\/{rel}","templated":true}]}}

Amnesty International | Pétition

Engagez-vous, vous aussi dès maintenant pour plus de justice et de liberté!
