{"id":20426,"date":"2023-06-06T14:40:13","date_gmt":"2023-06-06T12:40:13","guid":{"rendered":"https:\/\/action.amnesty.ch\/?page_id=20426"},"modified":"2025-10-06T16:32:40","modified_gmt":"2025-10-06T14:32:40","slug":"petition-iran-stop-aux-executions","status":"publish","type":"page","link":"https:\/\/action.amnesty.ch\/fr\/petition-iran-stop-aux-executions\/","title":{"rendered":"Amnesty International | Petition Iran 2023 &#8211; Juni"},"content":{"rendered":"","protected":false},"excerpt":{"rendered":"","protected":false},"author":59,"featured_media":0,"parent":0,"menu_order":0,"comment_status":"closed","ping_status":"closed","template":"","meta":{"_acf_changed":false,"_seopress_robots_primary_cat":"","_seopress_titles_title":"Amnesty International | P\u00e9tition Iran | Stop \u00e0 la vague d'ex\u00e9cutions !","_seopress_titles_desc":"Exigez de la Suisse qu\u2019elle fasse pression sur les autorit\u00e9s iraniennes, pour qu\u2019elles mettent un terme imm\u00e9diat \u00e0 toutes les ex\u00e9cutions.","_seopress_robots_index":"","footnotes":""},"wf_page_folders":[1484],"class_list":["post-20426","page","type-page","status-publish","hentry"],"acf":[],"_links":{"self":[{"href":"https:\/\/action.amnesty.ch\/fr\/wp-json\/wp\/v2\/pages\/20426","targetHints":{"allow":["GET"]}}],"collection":[{"href":"https:\/\/action.amnesty.ch\/fr\/wp-json\/wp\/v2\/pages"}],"about":[{"href":"https:\/\/action.amnesty.ch\/fr\/wp-json\/wp\/v2\/types\/page"}],"author":[{"embeddable":true,"href":"https:\/\/action.amnesty.ch\/fr\/wp-json\/wp\/v2\/users\/59"}],"replies":[{"embeddable":true,"href":"https:\/\/action.amnesty.ch\/fr\/wp-json\/wp\/v2\/comments?post=20426"}],"version-history":[{"count":0,"href":"https:\/\/action.amnesty.ch\/fr\/wp-json\/wp\/v2\/pages\/20426\/revisions"}],"wp:attachment":[{"href":"https:\/\/action.amnesty.ch\/fr\/wp-json\/wp\/v2\/media?parent=20426"}],"wp:term":[{"taxonomy":"wf_page_folders","embeddable":true,"href":"https:\/\/action.amnesty.ch\/fr\/wp-json\/wp\/v2\/wf_page_folders?post=20426"}],"curies":[{"name":"wp","href":"https:\/\/api.w.org\/{rel}","templated":true}]}}

Amnesty International | Pétition Iran | Stop à la vague d'exécutions !

Exigez de la Suisse qu’elle fasse pression sur les autorités iraniennes, pour qu’elles mettent un terme immédiat à toutes les exécutions.
