{"id":18971,"date":"2023-01-13T08:40:44","date_gmt":"2023-01-13T07:40:44","guid":{"rendered":"https:\/\/action.amnesty.ch\/?page_id=18971"},"modified":"2023-06-09T11:27:33","modified_gmt":"2023-06-09T09:27:33","slug":"amnesty-international-petition-iran-2023","status":"publish","type":"page","link":"https:\/\/action.amnesty.ch\/fr\/amnesty-international-petition-iran-2023\/","title":{"rendered":"Amnesty International | Petition Iran 2023"},"content":{"rendered":"","protected":false},"excerpt":{"rendered":"","protected":false},"author":23,"featured_media":0,"parent":0,"menu_order":0,"comment_status":"closed","ping_status":"closed","template":"","meta":{"_acf_changed":false,"_seopress_robots_primary_cat":"","_seopress_titles_title":"Amnesty International | P\u00e9tition Iran | Stop aux ex\u00e9cutions!","_seopress_titles_desc":"Exigez des autorit\u00e9s iraniennes qu&#039;elles mettent fin aux ex\u00e9cutions et aux proc\u00e8s arbitraires des manifestantes et manifestants!","_seopress_robots_index":"","footnotes":""},"wf_page_folders":[1484],"class_list":["post-18971","page","type-page","status-publish","hentry"],"acf":[],"_links":{"self":[{"href":"https:\/\/action.amnesty.ch\/fr\/wp-json\/wp\/v2\/pages\/18971","targetHints":{"allow":["GET"]}}],"collection":[{"href":"https:\/\/action.amnesty.ch\/fr\/wp-json\/wp\/v2\/pages"}],"about":[{"href":"https:\/\/action.amnesty.ch\/fr\/wp-json\/wp\/v2\/types\/page"}],"author":[{"embeddable":true,"href":"https:\/\/action.amnesty.ch\/fr\/wp-json\/wp\/v2\/users\/23"}],"replies":[{"embeddable":true,"href":"https:\/\/action.amnesty.ch\/fr\/wp-json\/wp\/v2\/comments?post=18971"}],"version-history":[{"count":0,"href":"https:\/\/action.amnesty.ch\/fr\/wp-json\/wp\/v2\/pages\/18971\/revisions"}],"wp:attachment":[{"href":"https:\/\/action.amnesty.ch\/fr\/wp-json\/wp\/v2\/media?parent=18971"}],"wp:term":[{"taxonomy":"wf_page_folders","embeddable":true,"href":"https:\/\/action.amnesty.ch\/fr\/wp-json\/wp\/v2\/wf_page_folders?post=18971"}],"curies":[{"name":"wp","href":"https:\/\/api.w.org\/{rel}","templated":true}]}}

Amnesty International | Pétition Iran | Stop aux exécutions!

Exigez des autorités iraniennes qu&#039;elles mettent fin aux exécutions et aux procès arbitraires des manifestantes et manifestants!
