{"id":11958,"date":"2021-09-20T17:36:48","date_gmt":"2021-09-20T15:36:48","guid":{"rendered":"https:\/\/action.amnesty.ch\/?page_id=11958"},"modified":"2021-10-20T10:03:07","modified_gmt":"2021-10-20T08:03:07","slug":"amnesty-international-enfants-dans-la-guerre","status":"publish","type":"page","link":"https:\/\/action.amnesty.ch\/fr\/amnesty-international-enfants-dans-la-guerre\/","title":{"rendered":"Amnesty International | Kinder im Krieg | Streuwurf | FR"},"content":{"rendered":"","protected":false},"excerpt":{"rendered":"","protected":false},"author":59,"featured_media":0,"parent":0,"menu_order":0,"comment_status":"closed","ping_status":"closed","template":"","meta":{"_acf_changed":false,"_seopress_robots_primary_cat":"","_seopress_titles_title":"Amnesty International | Aidez les enfants traumatis\u00e9s par la guerre","_seopress_titles_desc":"Dans la guerre, les enfants sont particuli\u00e8rement expos\u00e9s. Aidez-nous \u00e0 les prot\u00e9ger et \u00e0 d\u00e9fendre leurs droits !","_seopress_robots_index":"","footnotes":""},"wf_page_folders":[1465],"class_list":["post-11958","page","type-page","status-publish","hentry"],"acf":[],"_links":{"self":[{"href":"https:\/\/action.amnesty.ch\/fr\/wp-json\/wp\/v2\/pages\/11958","targetHints":{"allow":["GET"]}}],"collection":[{"href":"https:\/\/action.amnesty.ch\/fr\/wp-json\/wp\/v2\/pages"}],"about":[{"href":"https:\/\/action.amnesty.ch\/fr\/wp-json\/wp\/v2\/types\/page"}],"author":[{"embeddable":true,"href":"https:\/\/action.amnesty.ch\/fr\/wp-json\/wp\/v2\/users\/59"}],"replies":[{"embeddable":true,"href":"https:\/\/action.amnesty.ch\/fr\/wp-json\/wp\/v2\/comments?post=11958"}],"version-history":[{"count":0,"href":"https:\/\/action.amnesty.ch\/fr\/wp-json\/wp\/v2\/pages\/11958\/revisions"}],"wp:attachment":[{"href":"https:\/\/action.amnesty.ch\/fr\/wp-json\/wp\/v2\/media?parent=11958"}],"wp:term":[{"taxonomy":"wf_page_folders","embeddable":true,"href":"https:\/\/action.amnesty.ch\/fr\/wp-json\/wp\/v2\/wf_page_folders?post=11958"}],"curies":[{"name":"wp","href":"https:\/\/api.w.org\/{rel}","templated":true}]}}

Amnesty International | Aidez les enfants traumatisés par la guerre

Dans la guerre, les enfants sont particulièrement exposés. Aidez-nous à les protéger et à défendre leurs droits !
