{"id":30247,"date":"2025-11-06T08:47:51","date_gmt":"2025-11-06T07:47:51","guid":{"rendered":"https:\/\/action.amnesty.ch\/?page_id=30247"},"modified":"2026-02-10T09:37:21","modified_gmt":"2026-02-10T08:37:21","slug":"resist","status":"publish","type":"page","link":"https:\/\/action.amnesty.ch\/de\/resist\/","title":{"rendered":"RESIST | Mitgliedschaft | DE"},"content":{"rendered":"","protected":false},"excerpt":{"rendered":"","protected":false},"author":23,"featured_media":0,"parent":0,"menu_order":0,"comment_status":"closed","ping_status":"closed","template":"","meta":{"_acf_changed":false,"_seopress_robots_primary_cat":"","_seopress_titles_title":"Werden Sie Mitglied von Amnesty International","_seopress_titles_desc":"Setzen Sie sich daf\u00fcr ein, dass alle Menschen in Freiheit und W\u00fcrde leben k\u00f6nnen. Werden Sie noch heute Mitglied von Amnesty International.","_seopress_robots_index":"","footnotes":""},"wf_page_folders":[1516],"class_list":["post-30247","page","type-page","status-publish","hentry"],"acf":[],"_links":{"self":[{"href":"https:\/\/action.amnesty.ch\/de\/wp-json\/wp\/v2\/pages\/30247","targetHints":{"allow":["GET"]}}],"collection":[{"href":"https:\/\/action.amnesty.ch\/de\/wp-json\/wp\/v2\/pages"}],"about":[{"href":"https:\/\/action.amnesty.ch\/de\/wp-json\/wp\/v2\/types\/page"}],"author":[{"embeddable":true,"href":"https:\/\/action.amnesty.ch\/de\/wp-json\/wp\/v2\/users\/23"}],"replies":[{"embeddable":true,"href":"https:\/\/action.amnesty.ch\/de\/wp-json\/wp\/v2\/comments?post=30247"}],"version-history":[{"count":0,"href":"https:\/\/action.amnesty.ch\/de\/wp-json\/wp\/v2\/pages\/30247\/revisions"}],"wp:attachment":[{"href":"https:\/\/action.amnesty.ch\/de\/wp-json\/wp\/v2\/media?parent=30247"}],"wp:term":[{"taxonomy":"wf_page_folders","embeddable":true,"href":"https:\/\/action.amnesty.ch\/de\/wp-json\/wp\/v2\/wf_page_folders?post=30247"}],"curies":[{"name":"wp","href":"https:\/\/api.w.org\/{rel}","templated":true}]}}

Setzen Sie sich dafür ein, dass alle Menschen in Freiheit und Würde leben können. Werden Sie noch heute Mitglied von Amnesty International.
