{"id":27076,"date":"2025-01-13T09:15:33","date_gmt":"2025-01-13T08:15:33","guid":{"rendered":"https:\/\/action.amnesty.ch\/?page_id=27076"},"modified":"2025-06-13T14:42:14","modified_gmt":"2025-06-13T12:42:14","slug":"amnesty-international-petition-genozid-in-gaza-confirmation","status":"publish","type":"page","link":"https:\/\/action.amnesty.ch\/de\/amnesty-international-petition-genozid-in-gaza-confirmation\/","title":{"rendered":"Amnesty International | Petition Genozid in Gaza | Confirmation"},"content":{"rendered":"","protected":false},"excerpt":{"rendered":"","protected":false},"author":23,"featured_media":0,"parent":0,"menu_order":0,"comment_status":"closed","ping_status":"closed","template":"","meta":{"_acf_changed":false,"_seopress_robots_primary_cat":"","_seopress_titles_title":"Amnesty International | V\u00f6lkermord in Gaza: Gerechtigkeit JETZT!","_seopress_titles_desc":"Unterzeichnen Sie unsere Petition und fordern Sie den Bundesrat und das Parlament auf, sich f\u00fcr die sofortige Wiederaufnahme des Waffenstillstandes, humanit\u00e4re Hilfe und Gerechtigkeit f\u00fcr die Opfer einzusetzen!","_seopress_robots_index":"","footnotes":""},"wf_page_folders":[1507],"class_list":["post-27076","page","type-page","status-publish","hentry"],"acf":[],"_links":{"self":[{"href":"https:\/\/action.amnesty.ch\/de\/wp-json\/wp\/v2\/pages\/27076","targetHints":{"allow":["GET"]}}],"collection":[{"href":"https:\/\/action.amnesty.ch\/de\/wp-json\/wp\/v2\/pages"}],"about":[{"href":"https:\/\/action.amnesty.ch\/de\/wp-json\/wp\/v2\/types\/page"}],"author":[{"embeddable":true,"href":"https:\/\/action.amnesty.ch\/de\/wp-json\/wp\/v2\/users\/23"}],"replies":[{"embeddable":true,"href":"https:\/\/action.amnesty.ch\/de\/wp-json\/wp\/v2\/comments?post=27076"}],"version-history":[{"count":0,"href":"https:\/\/action.amnesty.ch\/de\/wp-json\/wp\/v2\/pages\/27076\/revisions"}],"wp:attachment":[{"href":"https:\/\/action.amnesty.ch\/de\/wp-json\/wp\/v2\/media?parent=27076"}],"wp:term":[{"taxonomy":"wf_page_folders","embeddable":true,"href":"https:\/\/action.amnesty.ch\/de\/wp-json\/wp\/v2\/wf_page_folders?post=27076"}],"curies":[{"name":"wp","href":"https:\/\/api.w.org\/{rel}","templated":true}]}}

Amnesty International | Völkermord in Gaza: Gerechtigkeit JETZT!

Unterzeichnen Sie unsere Petition und fordern Sie den Bundesrat und das Parlament auf, sich für die sofortige Wiederaufnahme des Waffenstillstandes, humanitäre Hilfe und Gerechtigkeit für die Opfer einzusetzen!
