{"id":25808,"date":"2024-09-13T10:47:30","date_gmt":"2024-09-13T08:47:30","guid":{"rendered":"https:\/\/action.amnesty.ch\/?page_id=25808"},"modified":"2024-11-29T11:19:09","modified_gmt":"2024-11-29T10:19:09","slug":"amnesty-international-briefmarathon-2024-confirmation","status":"publish","type":"page","link":"https:\/\/action.amnesty.ch\/de\/amnesty-international-briefmarathon-2024-confirmation\/","title":{"rendered":"Amnesty International | Briefmarathon 2024 | Confirmation"},"content":{"rendered":"","protected":false},"excerpt":{"rendered":"","protected":false},"author":23,"featured_media":0,"parent":0,"menu_order":0,"comment_status":"closed","ping_status":"closed","template":"","meta":{"_acf_changed":false,"_seopress_robots_primary_cat":"","_seopress_titles_title":"Amnesty International | Briefmarathon","_seopress_titles_desc":"Unterst\u00fctzen Sie mit einem Klick f\u00fcnf Menschen und ver\u00e4ndern Sie Leben!","_seopress_robots_index":"","footnotes":""},"wf_page_folders":[1504],"class_list":["post-25808","page","type-page","status-publish","hentry"],"acf":[],"_links":{"self":[{"href":"https:\/\/action.amnesty.ch\/de\/wp-json\/wp\/v2\/pages\/25808","targetHints":{"allow":["GET"]}}],"collection":[{"href":"https:\/\/action.amnesty.ch\/de\/wp-json\/wp\/v2\/pages"}],"about":[{"href":"https:\/\/action.amnesty.ch\/de\/wp-json\/wp\/v2\/types\/page"}],"author":[{"embeddable":true,"href":"https:\/\/action.amnesty.ch\/de\/wp-json\/wp\/v2\/users\/23"}],"replies":[{"embeddable":true,"href":"https:\/\/action.amnesty.ch\/de\/wp-json\/wp\/v2\/comments?post=25808"}],"version-history":[{"count":0,"href":"https:\/\/action.amnesty.ch\/de\/wp-json\/wp\/v2\/pages\/25808\/revisions"}],"wp:attachment":[{"href":"https:\/\/action.amnesty.ch\/de\/wp-json\/wp\/v2\/media?parent=25808"}],"wp:term":[{"taxonomy":"wf_page_folders","embeddable":true,"href":"https:\/\/action.amnesty.ch\/de\/wp-json\/wp\/v2\/wf_page_folders?post=25808"}],"curies":[{"name":"wp","href":"https:\/\/api.w.org\/{rel}","templated":true}]}}

Unterstützen Sie mit einem Klick fünf Menschen und verändern Sie Leben!
