{"id":11445,"date":"2021-08-05T13:38:50","date_gmt":"2021-08-05T11:38:50","guid":{"rendered":"https:\/\/action.amnesty.ch\/?page_id=11445"},"modified":"2021-08-19T16:36:18","modified_gmt":"2021-08-19T14:36:18","slug":"spreading-hope-lgbti-efa-engagement","status":"publish","type":"page","link":"https:\/\/action.amnesty.ch\/de\/spreading-hope-lgbti-efa-engagement\/","title":{"rendered":"Amnesty International | Spreading Hope | LGBTI EFA | Engagement"},"content":{"rendered":"","protected":false},"excerpt":{"rendered":"","protected":false},"author":59,"featured_media":0,"parent":0,"menu_order":0,"comment_status":"closed","ping_status":"closed","template":"","meta":{"_acf_changed":false,"_seopress_robots_primary_cat":"","_seopress_titles_title":"Amnesty International | Ehe f\u00fcr alle | F\u00fcr ein klares JA am 26. September!","_seopress_titles_desc":"Die Ehe f\u00fcr alle muss endlich auch in der Schweiz Realit\u00e4t werden! Helfen Sie mit f\u00fcr ein starkes JA an der Urne!","_seopress_robots_index":"","footnotes":""},"wf_page_folders":[1463],"class_list":["post-11445","page","type-page","status-publish","hentry"],"acf":[],"_links":{"self":[{"href":"https:\/\/action.amnesty.ch\/de\/wp-json\/wp\/v2\/pages\/11445","targetHints":{"allow":["GET"]}}],"collection":[{"href":"https:\/\/action.amnesty.ch\/de\/wp-json\/wp\/v2\/pages"}],"about":[{"href":"https:\/\/action.amnesty.ch\/de\/wp-json\/wp\/v2\/types\/page"}],"author":[{"embeddable":true,"href":"https:\/\/action.amnesty.ch\/de\/wp-json\/wp\/v2\/users\/59"}],"replies":[{"embeddable":true,"href":"https:\/\/action.amnesty.ch\/de\/wp-json\/wp\/v2\/comments?post=11445"}],"version-history":[{"count":0,"href":"https:\/\/action.amnesty.ch\/de\/wp-json\/wp\/v2\/pages\/11445\/revisions"}],"wp:attachment":[{"href":"https:\/\/action.amnesty.ch\/de\/wp-json\/wp\/v2\/media?parent=11445"}],"wp:term":[{"taxonomy":"wf_page_folders","embeddable":true,"href":"https:\/\/action.amnesty.ch\/de\/wp-json\/wp\/v2\/wf_page_folders?post=11445"}],"curies":[{"name":"wp","href":"https:\/\/api.w.org\/{rel}","templated":true}]}}

Amnesty International | Ehe für alle | Für ein klares JA am 26. September!

Die Ehe für alle muss endlich auch in der Schweiz Realität werden! Helfen Sie mit für ein starkes JA an der Urne!
